{"id":1009,"date":"2020-10-27T16:36:33","date_gmt":"2020-10-27T19:36:33","guid":{"rendered":"http:\/\/www.gastrotex.com.ar\/web\/?page_id=1009"},"modified":"2023-08-03T23:58:30","modified_gmt":"2023-08-04T02:58:30","slug":"cirugia-equipamiento","status":"publish","type":"page","link":"https:\/\/www.gastrotex.com.ar\/web\/cirugia-equipamiento\/","title":{"rendered":"Cirug\u00eda &#8211; Equipamiento"},"content":{"rendered":"\t\t<div data-elementor-type=\"wp-page\" data-elementor-id=\"1009\" class=\"elementor elementor-1009\">\n\t\t\t\t\t\t<section class=\"elementor-section elementor-top-section elementor-element elementor-element-2552c78e elementor-section-boxed elementor-section-height-default elementor-section-height-default\" data-id=\"2552c78e\" data-element_type=\"section\">\n\t\t\t\t\t\t<div class=\"elementor-container elementor-column-gap-default\">\n\t\t\t\t\t<div class=\"elementor-column elementor-col-100 elementor-top-column elementor-element elementor-element-73b1ebf9\" data-id=\"73b1ebf9\" data-element_type=\"column\">\n\t\t\t<div class=\"elementor-widget-wrap elementor-element-populated\">\n\t\t\t\t\t\t<div class=\"elementor-element elementor-element-577f35f7 elementor-grid-eael-col-3 elementor-grid-tablet-eael-col-2 elementor-grid-mobile-eael-col-1 elementor-widget elementor-widget-eael-post-grid\" data-id=\"577f35f7\" data-element_type=\"widget\" data-settings=\"{&quot;eael_post_grid_columns&quot;:&quot;eael-col-3&quot;,&quot;eael_post_grid_columns_tablet&quot;:&quot;eael-col-2&quot;,&quot;eael_post_grid_columns_mobile&quot;:&quot;eael-col-1&quot;}\" data-widget_type=\"eael-post-grid.default\">\n\t\t\t\t<div class=\"elementor-widget-container\">\n\t\t\t\t\t<div id=\"eael-post-grid-577f35f7\" class=\"eael-post-grid-container\">\n            <div class=\"eael-post-grid eael-post-appender eael-post-appender-577f35f7 eael-post-grid-style-one\" data-layout-mode=\"grid\"><article class=\"eael-grid-post eael-post-grid-column\" data-id=\"2322\">\n        <div class=\"eael-grid-post-holder\">\n            <div class=\"eael-grid-post-holder-inner\"><div class=\"eael-entry-media\"><ul class=\"post-carousel-categories\"><li><a href=\"https:\/\/www.gastrotex.com.ar\/web\/tag\/tekno\/\">Tekno<\/a><\/li><\/ul><div class=\"eael-entry-overlay fade-in\"><i class=\"fas fa-long-arrow-alt-right\" aria-hidden=\"true\"><\/i><a href=\"https:\/\/www.gastrotex.com.ar\/web\/unidad-compacta-nexo\/\"target=\"_blank\"><\/a><\/div><div class=\"eael-entry-thumbnail \">\n                <img fetchpriority=\"high\" decoding=\"async\" width=\"419\" height=\"454\" src=\"https:\/\/www.gastrotex.com.ar\/web\/wp-content\/uploads\/2023\/09\/nexo_tekno.jpg\" class=\"attachment-full size-full wp-image-2324\" alt=\"\" srcset=\"https:\/\/www.gastrotex.com.ar\/web\/wp-content\/uploads\/2023\/09\/nexo_tekno.jpg 419w, https:\/\/www.gastrotex.com.ar\/web\/wp-content\/uploads\/2023\/09\/nexo_tekno-277x300.jpg 277w\" sizes=\"(max-width: 419px) 100vw, 419px\" \/>\n            <\/div>\n        <\/div><div class=\"eael-entry-wrapper\"><header class=\"eael-entry-header\"><h4 class=\"eael-entry-title\"><a class=\"eael-grid-post-link\" href=\"https:\/\/www.gastrotex.com.ar\/web\/unidad-compacta-nexo\/\" title=\"Unidad compacta Nexo &#8211; Tekno\"target=\"_blank\">Unidad compacta Nexo &#8211; Tekno<\/a><\/h4><\/header><div class=\"eael-entry-content\">\n                        <div class=\"eael-grid-post-excerpt\"><p>La unidad compacta NEXO combina 3 dispositivos de alta calidad (c\u00e1mara, fuente de luz, captura) para uso profesional...<\/p><a href=\"https:\/\/www.gastrotex.com.ar\/web\/unidad-compacta-nexo\/\" class=\"eael-post-elements-readmore-btn\"target=\"_blank\">Leer m\u00e1s<\/a><\/div>\n                    <\/div><div class=\"eael-entry-footer\"><div class=\"eael-entry-meta\"><\/div><\/div><\/div><\/div>\n        <\/div>\n    <\/article><article class=\"eael-grid-post eael-post-grid-column\" data-id=\"2301\">\n        <div class=\"eael-grid-post-holder\">\n            <div class=\"eael-grid-post-holder-inner\"><div class=\"eael-entry-media\"><ul class=\"post-carousel-categories\"><li><a href=\"https:\/\/www.gastrotex.com.ar\/web\/tag\/sonoscape\/\">Sonoscape<\/a><\/li><\/ul><div class=\"eael-entry-overlay fade-in\"><i class=\"fas fa-long-arrow-alt-right\" aria-hidden=\"true\"><\/i><a href=\"https:\/\/www.gastrotex.com.ar\/web\/torre-laparoscopia-sonoscape\/\"target=\"_blank\"><\/a><\/div><div class=\"eael-entry-thumbnail \">\n                <img decoding=\"async\" width=\"419\" height=\"454\" src=\"https:\/\/www.gastrotex.com.ar\/web\/wp-content\/uploads\/2023\/09\/torre_laparo_sonoscape.jpg\" class=\"attachment-full size-full wp-image-2303\" alt=\"\" srcset=\"https:\/\/www.gastrotex.com.ar\/web\/wp-content\/uploads\/2023\/09\/torre_laparo_sonoscape.jpg 419w, https:\/\/www.gastrotex.com.ar\/web\/wp-content\/uploads\/2023\/09\/torre_laparo_sonoscape-277x300.jpg 277w\" sizes=\"(max-width: 419px) 100vw, 419px\" \/>\n            <\/div>\n        <\/div><div class=\"eael-entry-wrapper\"><header class=\"eael-entry-header\"><h4 class=\"eael-entry-title\"><a class=\"eael-grid-post-link\" href=\"https:\/\/www.gastrotex.com.ar\/web\/torre-laparoscopia-sonoscape\/\" title=\"Torre de Laparoscop\u00eda &#8211; Sonoscape\"target=\"_blank\">Torre de Laparoscop\u00eda &#8211; Sonoscape<\/a><\/h4><\/header><div class=\"eael-entry-content\">\n                        <div class=\"eael-grid-post-excerpt\"><p>Fuente de Luz LED: L\u00e1mpara: 2 L\u00e1mparas LED (Luz blanca LED 70W, Luz UV 50W). Brillo: Nivel 1-19....<\/p><a href=\"https:\/\/www.gastrotex.com.ar\/web\/torre-laparoscopia-sonoscape\/\" class=\"eael-post-elements-readmore-btn\"target=\"_blank\">Leer m\u00e1s<\/a><\/div>\n                    <\/div><div class=\"eael-entry-footer\"><div class=\"eael-entry-meta\"><\/div><\/div><\/div><\/div>\n        <\/div>\n    <\/article><article class=\"eael-grid-post eael-post-grid-column\" data-id=\"1175\">\n        <div class=\"eael-grid-post-holder\">\n            <div class=\"eael-grid-post-holder-inner\"><div class=\"eael-entry-media\"><ul class=\"post-carousel-categories\"><li><a href=\"https:\/\/www.gastrotex.com.ar\/web\/tag\/erbe\/\">ERBE<\/a><\/li><\/ul><div class=\"eael-entry-overlay fade-in\"><i class=\"fas fa-long-arrow-alt-right\" aria-hidden=\"true\"><\/i><a href=\"https:\/\/www.gastrotex.com.ar\/web\/modulo-de-argon-de-plasma-apc-3\/\"target=\"_blank\"><\/a><\/div><div class=\"eael-entry-thumbnail \">\n                <img decoding=\"async\" width=\"600\" height=\"262\" src=\"https:\/\/www.gastrotex.com.ar\/web\/wp-content\/uploads\/2021\/01\/argon.jpg\" class=\"attachment-full size-full wp-image-1176\" alt=\"\" srcset=\"https:\/\/www.gastrotex.com.ar\/web\/wp-content\/uploads\/2021\/01\/argon.jpg 600w, https:\/\/www.gastrotex.com.ar\/web\/wp-content\/uploads\/2021\/01\/argon-300x131.jpg 300w\" sizes=\"(max-width: 600px) 100vw, 600px\" \/>\n            <\/div>\n        <\/div><div class=\"eael-entry-wrapper\"><header class=\"eael-entry-header\"><h4 class=\"eael-entry-title\"><a class=\"eael-grid-post-link\" href=\"https:\/\/www.gastrotex.com.ar\/web\/modulo-de-argon-de-plasma-apc-3\/\" title=\"M\u00f3dulo de Arg\u00f3n Plasma APC-3 &#8211; ERBE\"target=\"_blank\">M\u00f3dulo de Arg\u00f3n Plasma APC-3 &#8211; ERBE<\/a><\/h4><\/header><div class=\"eael-entry-content\">\n                        <div class=\"eael-grid-post-excerpt\"><p>M\u00f3dulo para ARG\u00d3N PLASMA C\u00f3digo: Item No. 10135-000 Coagulaci\u00f3n por plasma de Arg\u00f3n compatible con Electrobistur\u00ed VIO3.<\/p><a href=\"https:\/\/www.gastrotex.com.ar\/web\/modulo-de-argon-de-plasma-apc-3\/\" class=\"eael-post-elements-readmore-btn\"target=\"_blank\">Leer m\u00e1s<\/a><\/div>\n                    <\/div><div class=\"eael-entry-footer\"><div class=\"eael-entry-meta\"><\/div><\/div><\/div><\/div>\n        <\/div>\n    <\/article><article class=\"eael-grid-post eael-post-grid-column\" data-id=\"1172\">\n        <div class=\"eael-grid-post-holder\">\n            <div class=\"eael-grid-post-holder-inner\"><div class=\"eael-entry-media\"><ul class=\"post-carousel-categories\"><li><a href=\"https:\/\/www.gastrotex.com.ar\/web\/tag\/erbe\/\">ERBE<\/a><\/li><\/ul><div class=\"eael-entry-overlay fade-in\"><i class=\"fas fa-long-arrow-alt-right\" aria-hidden=\"true\"><\/i><a href=\"https:\/\/www.gastrotex.com.ar\/web\/electrobisturi-300s\/\"target=\"_blank\"><\/a><\/div><div class=\"eael-entry-thumbnail \">\n                <img loading=\"lazy\" decoding=\"async\" width=\"419\" height=\"186\" src=\"https:\/\/www.gastrotex.com.ar\/web\/wp-content\/uploads\/2021\/01\/300S.jpg\" class=\"attachment-full size-full wp-image-1173\" alt=\"\" srcset=\"https:\/\/www.gastrotex.com.ar\/web\/wp-content\/uploads\/2021\/01\/300S.jpg 419w, https:\/\/www.gastrotex.com.ar\/web\/wp-content\/uploads\/2021\/01\/300S-300x133.jpg 300w\" sizes=\"(max-width: 419px) 100vw, 419px\" \/>\n            <\/div>\n        <\/div><div class=\"eael-entry-wrapper\"><header class=\"eael-entry-header\"><h4 class=\"eael-entry-title\"><a class=\"eael-grid-post-link\" href=\"https:\/\/www.gastrotex.com.ar\/web\/electrobisturi-300s\/\" title=\"Electrobistur\u00ed &#8211; Mod. 300S &#8211; ERBE\"target=\"_blank\">Electrobistur\u00ed &#8211; Mod. 300S &#8211; ERBE<\/a><\/h4><\/header><div class=\"eael-entry-content\">\n                        <div class=\"eael-grid-post-excerpt\"><p>Unidad ELECTROQUIRURGICA. 300S Potencia: \u00a0300W Posee 3 MODOS DE CORTE\u00a0 (auto-cut, high-cut, dry-cut). Tiene la posibilidad de adicionar...<\/p><a href=\"https:\/\/www.gastrotex.com.ar\/web\/electrobisturi-300s\/\" class=\"eael-post-elements-readmore-btn\"target=\"_blank\">Leer m\u00e1s<\/a><\/div>\n                    <\/div><div class=\"eael-entry-footer\"><div class=\"eael-entry-meta\"><\/div><\/div><\/div><\/div>\n        <\/div>\n    <\/article><article class=\"eael-grid-post eael-post-grid-column\" data-id=\"1169\">\n        <div class=\"eael-grid-post-holder\">\n            <div class=\"eael-grid-post-holder-inner\"><div class=\"eael-entry-media\"><ul class=\"post-carousel-categories\"><li><a href=\"https:\/\/www.gastrotex.com.ar\/web\/tag\/erbe\/\">ERBE<\/a><\/li><\/ul><div class=\"eael-entry-overlay fade-in\"><i class=\"fas fa-long-arrow-alt-right\" aria-hidden=\"true\"><\/i><a href=\"https:\/\/www.gastrotex.com.ar\/web\/electrobisturi-erbe-300d\/\"target=\"_blank\"><\/a><\/div><div class=\"eael-entry-thumbnail \">\n                <img loading=\"lazy\" decoding=\"async\" width=\"553\" height=\"242\" src=\"https:\/\/www.gastrotex.com.ar\/web\/wp-content\/uploads\/2021\/01\/300D.jpg\" class=\"attachment-full size-full wp-image-1170\" alt=\"\" srcset=\"https:\/\/www.gastrotex.com.ar\/web\/wp-content\/uploads\/2021\/01\/300D.jpg 553w, https:\/\/www.gastrotex.com.ar\/web\/wp-content\/uploads\/2021\/01\/300D-300x131.jpg 300w\" sizes=\"(max-width: 553px) 100vw, 553px\" \/>\n            <\/div>\n        <\/div><div class=\"eael-entry-wrapper\"><header class=\"eael-entry-header\"><h4 class=\"eael-entry-title\"><a class=\"eael-grid-post-link\" href=\"https:\/\/www.gastrotex.com.ar\/web\/electrobisturi-erbe-300d\/\" title=\"Electrobistur\u00ed &#8211; Mod. 300D &#8211; ERBE\"target=\"_blank\">Electrobistur\u00ed &#8211; Mod. 300D &#8211; ERBE<\/a><\/h4><\/header><div class=\"eael-entry-content\">\n                        <div class=\"eael-grid-post-excerpt\"><p>Apto para RTU Bipolar. Posee todas las t\u00e9cnicas modernas de regulaci\u00f3n de AF juntas. Aplica la potencia requerida...<\/p><a href=\"https:\/\/www.gastrotex.com.ar\/web\/electrobisturi-erbe-300d\/\" class=\"eael-post-elements-readmore-btn\"target=\"_blank\">Leer m\u00e1s<\/a><\/div>\n                    <\/div><div class=\"eael-entry-footer\"><div class=\"eael-entry-meta\"><\/div><\/div><\/div><\/div>\n        <\/div>\n    <\/article><article class=\"eael-grid-post eael-post-grid-column\" data-id=\"1164\">\n        <div class=\"eael-grid-post-holder\">\n            <div class=\"eael-grid-post-holder-inner\"><div class=\"eael-entry-media\"><ul class=\"post-carousel-categories\"><li><a href=\"https:\/\/www.gastrotex.com.ar\/web\/tag\/erbe\/\">ERBE<\/a><\/li><\/ul><div class=\"eael-entry-overlay fade-in\"><i class=\"fas fa-long-arrow-alt-right\" aria-hidden=\"true\"><\/i><a href=\"https:\/\/www.gastrotex.com.ar\/web\/unidad-electroquirurgica-vio3\/\"target=\"_blank\"><\/a><\/div><div class=\"eael-entry-thumbnail \">\n                <img loading=\"lazy\" decoding=\"async\" width=\"312\" height=\"176\" src=\"https:\/\/www.gastrotex.com.ar\/web\/wp-content\/uploads\/2021\/01\/vio3.jpg\" class=\"attachment-full size-full wp-image-1165\" alt=\"\" srcset=\"https:\/\/www.gastrotex.com.ar\/web\/wp-content\/uploads\/2021\/01\/vio3.jpg 312w, https:\/\/www.gastrotex.com.ar\/web\/wp-content\/uploads\/2021\/01\/vio3-300x169.jpg 300w\" sizes=\"(max-width: 312px) 100vw, 312px\" \/>\n            <\/div>\n        <\/div><div class=\"eael-entry-wrapper\"><header class=\"eael-entry-header\"><h4 class=\"eael-entry-title\"><a class=\"eael-grid-post-link\" href=\"https:\/\/www.gastrotex.com.ar\/web\/unidad-electroquirurgica-vio3\/\" title=\"Electrobistur\u00ed &#8211; Mod. VIO3 &#8211; ERBE\"target=\"_blank\">Electrobistur\u00ed &#8211; Mod. VIO3 &#8211; ERBE<\/a><\/h4><\/header><div class=\"eael-entry-content\">\n                        <div class=\"eael-grid-post-excerpt\"><p>Apto para RTU Bipolar. Potencia de corte 400W. Posee 5 modos de corte (Auto-cut, High-cut, Dry-cut, EndoQ, EndoI)....<\/p><a href=\"https:\/\/www.gastrotex.com.ar\/web\/unidad-electroquirurgica-vio3\/\" class=\"eael-post-elements-readmore-btn\"target=\"_blank\">Leer m\u00e1s<\/a><\/div>\n                    <\/div><div class=\"eael-entry-footer\"><div class=\"eael-entry-meta\"><\/div><\/div><\/div><\/div>\n        <\/div>\n    <\/article><article class=\"eael-grid-post eael-post-grid-column\" data-id=\"465\">\n        <div class=\"eael-grid-post-holder\">\n            <div class=\"eael-grid-post-holder-inner\"><div class=\"eael-entry-media\"><ul class=\"post-carousel-categories\"><li><a href=\"https:\/\/www.gastrotex.com.ar\/web\/tag\/erbe\/\">ERBE<\/a><\/li><\/ul><div class=\"eael-entry-overlay fade-in\"><i class=\"fas fa-long-arrow-alt-right\" aria-hidden=\"true\"><\/i><a href=\"https:\/\/www.gastrotex.com.ar\/web\/jet-hidrodiseccion-higado-cusa-aspirador-ultrasonico-hidrojet-hidrocirugia-hidrodiseccion-esd-poem-diseccion-submucosa\/\"target=\"_blank\"><\/a><\/div><div class=\"eael-entry-thumbnail \">\n                <img loading=\"lazy\" decoding=\"async\" width=\"600\" height=\"339\" src=\"https:\/\/www.gastrotex.com.ar\/web\/wp-content\/uploads\/2020\/09\/jet-hidroseccion.jpg\" class=\"attachment-full size-full wp-image-466\" alt=\"\" srcset=\"https:\/\/www.gastrotex.com.ar\/web\/wp-content\/uploads\/2020\/09\/jet-hidroseccion.jpg 600w, https:\/\/www.gastrotex.com.ar\/web\/wp-content\/uploads\/2020\/09\/jet-hidroseccion-300x170.jpg 300w\" sizes=\"(max-width: 600px) 100vw, 600px\" \/>\n            <\/div>\n        <\/div><div class=\"eael-entry-wrapper\"><header class=\"eael-entry-header\"><h4 class=\"eael-entry-title\"><a class=\"eael-grid-post-link\" href=\"https:\/\/www.gastrotex.com.ar\/web\/jet-hidrodiseccion-higado-cusa-aspirador-ultrasonico-hidrojet-hidrocirugia-hidrodiseccion-esd-poem-diseccion-submucosa\/\" title=\"Jet hidrodisecci\u00f3n hidrocirug\u00eda\"target=\"_blank\">Jet hidrodisecci\u00f3n hidrocirug\u00eda<\/a><\/h4><\/header><div class=\"eael-entry-content\">\n                        <div class=\"eael-grid-post-excerpt\"><p>La cirug\u00eda por hidrodisecci\u00f3n permite separar las capas de los tejidos mediante un control preciso de la presi\u00f3n,...<\/p><a href=\"https:\/\/www.gastrotex.com.ar\/web\/jet-hidrodiseccion-higado-cusa-aspirador-ultrasonico-hidrojet-hidrocirugia-hidrodiseccion-esd-poem-diseccion-submucosa\/\" class=\"eael-post-elements-readmore-btn\"target=\"_blank\">Leer m\u00e1s<\/a><\/div>\n                    <\/div><div class=\"eael-entry-footer\"><div class=\"eael-entry-meta\"><\/div><\/div><\/div><\/div>\n        <\/div>\n    <\/article><article class=\"eael-grid-post eael-post-grid-column\" data-id=\"457\">\n        <div class=\"eael-grid-post-holder\">\n            <div class=\"eael-grid-post-holder-inner\"><div class=\"eael-entry-media\"><ul class=\"post-carousel-categories\"><li><a href=\"https:\/\/www.gastrotex.com.ar\/web\/tag\/erbe\/\">ERBE<\/a><\/li><\/ul><div class=\"eael-entry-overlay fade-in\"><i class=\"fas fa-long-arrow-alt-right\" aria-hidden=\"true\"><\/i><a href=\"https:\/\/www.gastrotex.com.ar\/web\/sistema-af-vio-d-erbe\/\"target=\"_blank\"><\/a><\/div><div class=\"eael-entry-thumbnail \">\n                <img loading=\"lazy\" decoding=\"async\" width=\"599\" height=\"462\" src=\"https:\/\/www.gastrotex.com.ar\/web\/wp-content\/uploads\/2020\/09\/sistema-af-erbe.jpg\" class=\"attachment-full size-full wp-image-2386\" alt=\"\" srcset=\"https:\/\/www.gastrotex.com.ar\/web\/wp-content\/uploads\/2020\/09\/sistema-af-erbe.jpg 599w, https:\/\/www.gastrotex.com.ar\/web\/wp-content\/uploads\/2020\/09\/sistema-af-erbe-300x231.jpg 300w\" sizes=\"(max-width: 599px) 100vw, 599px\" \/>\n            <\/div>\n        <\/div><div class=\"eael-entry-wrapper\"><header class=\"eael-entry-header\"><h4 class=\"eael-entry-title\"><a class=\"eael-grid-post-link\" href=\"https:\/\/www.gastrotex.com.ar\/web\/sistema-af-vio-d-erbe\/\" title=\"Sistema de cirug\u00eda de alta frecuencia VIO D &#8211; ERBE\"target=\"_blank\">Sistema de cirug\u00eda de alta frecuencia VIO D &#8211; ERBE<\/a><\/h4><\/header><div class=\"eael-entry-content\">\n                        <div class=\"eael-grid-post-excerpt\"><p>Sistema de cirug\u00eda de alta frecuencia para intervenciones quir\u00fargicas y endosc\u00f3picas VIO D &#8211; ERBE Hecho a su...<\/p><a href=\"https:\/\/www.gastrotex.com.ar\/web\/sistema-af-vio-d-erbe\/\" class=\"eael-post-elements-readmore-btn\"target=\"_blank\">Leer m\u00e1s<\/a><\/div>\n                    <\/div><div class=\"eael-entry-footer\"><div class=\"eael-entry-meta\"><\/div><\/div><\/div><\/div>\n        <\/div>\n    <\/article><article class=\"eael-grid-post eael-post-grid-column\" data-id=\"372\">\n        <div class=\"eael-grid-post-holder\">\n            <div class=\"eael-grid-post-holder-inner\"><div class=\"eael-entry-media\"><ul class=\"post-carousel-categories\"><li><a href=\"https:\/\/www.gastrotex.com.ar\/web\/tag\/erbe\/\">ERBE<\/a><\/li><\/ul><div class=\"eael-entry-overlay fade-in\"><i class=\"fas fa-long-arrow-alt-right\" aria-hidden=\"true\"><\/i><a href=\"https:\/\/www.gastrotex.com.ar\/web\/vio3-apc3-unidad-para-electrocirugia-gama-alta\/\"target=\"_blank\"><\/a><\/div><div class=\"eael-entry-thumbnail \">\n                <img loading=\"lazy\" decoding=\"async\" width=\"600\" height=\"339\" src=\"https:\/\/www.gastrotex.com.ar\/web\/wp-content\/uploads\/2020\/09\/vios.jpg\" class=\"attachment-full size-full wp-image-373\" alt=\"\" srcset=\"https:\/\/www.gastrotex.com.ar\/web\/wp-content\/uploads\/2020\/09\/vios.jpg 600w, https:\/\/www.gastrotex.com.ar\/web\/wp-content\/uploads\/2020\/09\/vios-300x170.jpg 300w\" sizes=\"(max-width: 600px) 100vw, 600px\" \/>\n            <\/div>\n        <\/div><div class=\"eael-entry-wrapper\"><header class=\"eael-entry-header\"><h4 class=\"eael-entry-title\"><a class=\"eael-grid-post-link\" href=\"https:\/\/www.gastrotex.com.ar\/web\/vio3-apc3-unidad-para-electrocirugia-gama-alta\/\" title=\"VIO3 y APC3 &#8211; Unidad para electrocirug\u00eda \u00abgama alta\u00bb &#8211; ERBE\"target=\"_blank\">VIO3 y APC3 &#8211; Unidad para electrocirug\u00eda \u00abgama alta\u00bb &#8211; ERBE<\/a><\/h4><\/header><div class=\"eael-entry-content\">\n                        <div class=\"eael-grid-post-excerpt\"><p>La nueva generaci\u00f3n de electrocirug\u00eda, f\u00e1cil, claro y muy seguro. Todo incluido: Modos y configuraciones para la gran...<\/p><a href=\"https:\/\/www.gastrotex.com.ar\/web\/vio3-apc3-unidad-para-electrocirugia-gama-alta\/\" class=\"eael-post-elements-readmore-btn\"target=\"_blank\">Leer m\u00e1s<\/a><\/div>\n                    <\/div><div class=\"eael-entry-footer\"><div class=\"eael-entry-meta\"><\/div><\/div><\/div><\/div>\n        <\/div>\n    <\/article><article class=\"eael-grid-post eael-post-grid-column\" data-id=\"361\">\n        <div class=\"eael-grid-post-holder\">\n            <div class=\"eael-grid-post-holder-inner\"><div class=\"eael-entry-media\"><ul class=\"post-carousel-categories\"><li><a href=\"https:\/\/www.gastrotex.com.ar\/web\/tag\/erbe\/\">ERBE<\/a><\/li><\/ul><div class=\"eael-entry-overlay fade-in\"><i class=\"fas fa-long-arrow-alt-right\" aria-hidden=\"true\"><\/i><a href=\"https:\/\/www.gastrotex.com.ar\/web\/ies3-aspirador-de-humo-quirurgico\/\"target=\"_blank\"><\/a><\/div><div class=\"eael-entry-thumbnail \">\n                <img loading=\"lazy\" decoding=\"async\" width=\"600\" height=\"339\" src=\"https:\/\/www.gastrotex.com.ar\/web\/wp-content\/uploads\/2020\/09\/ies3v2.jpg\" class=\"attachment-full size-full wp-image-384\" alt=\"\" srcset=\"https:\/\/www.gastrotex.com.ar\/web\/wp-content\/uploads\/2020\/09\/ies3v2.jpg 600w, https:\/\/www.gastrotex.com.ar\/web\/wp-content\/uploads\/2020\/09\/ies3v2-300x170.jpg 300w\" sizes=\"(max-width: 600px) 100vw, 600px\" \/>\n            <\/div>\n        <\/div><div class=\"eael-entry-wrapper\"><header class=\"eael-entry-header\"><h4 class=\"eael-entry-title\"><a class=\"eael-grid-post-link\" href=\"https:\/\/www.gastrotex.com.ar\/web\/ies3-aspirador-de-humo-quirurgico\/\" title=\"IES3 \u2013 Aspirador de humo quir\u00fargico &#8211; ERBE\"target=\"_blank\">IES3 \u2013 Aspirador de humo quir\u00fargico &#8211; ERBE<\/a><\/h4><\/header><div class=\"eael-entry-content\">\n                        <div class=\"eael-grid-post-excerpt\"><p>Aire limpio en la sala de operaciones, protecci\u00f3n para su equipo quir\u00fargico y para el paciente La seguridad...<\/p><a href=\"https:\/\/www.gastrotex.com.ar\/web\/ies3-aspirador-de-humo-quirurgico\/\" class=\"eael-post-elements-readmore-btn\"target=\"_blank\">Leer m\u00e1s<\/a><\/div>\n                    <\/div><div class=\"eael-entry-footer\"><div class=\"eael-entry-meta\"><\/div><\/div><\/div><\/div>\n        <\/div>\n    <\/article><\/div>\n            <div class=\"clearfix\"><\/div>\n        <\/div>\t\t\t\t<\/div>\n\t\t\t\t<\/div>\n\t\t\t\t\t<\/div>\n\t\t<\/div>\n\t\t\t\t\t<\/div>\n\t\t<\/section>\n\t\t\t\t<\/div>\n\t\t","protected":false},"excerpt":{"rendered":"<p>ERBE Jet hidrodisecci\u00f3n hidrocirugia La cirug\u00eda por hidrodisecci\u00f3n permite separar las capas de los tejidos mediante un control preciso de la presi\u00f3n,&#8230; Leer m\u00e1s ERBE vio200s vio300d, vio, argon, endocut, erbe vio Unidad electroquirurgica dedicada a procedimientos endoscopicos Equipada con endoCUT y softCOAG permite resolver la mayor\u00eda de los procedimientos&#8230; Leer m\u00e1s ERBE VIO3 APC3 [&hellip;]<\/p>\n","protected":false},"author":1,"featured_media":0,"parent":0,"menu_order":0,"comment_status":"closed","ping_status":"closed","template":"","meta":{"site-sidebar-layout":"no-sidebar","site-content-layout":"page-builder","ast-site-content-layout":"default","site-content-style":"default","site-sidebar-style":"default","ast-global-header-display":"","ast-banner-title-visibility":"","ast-main-header-display":"","ast-hfb-above-header-display":"","ast-hfb-below-header-display":"","ast-hfb-mobile-header-display":"","site-post-title":"disabled","ast-breadcrumbs-content":"","ast-featured-img":"disabled","footer-sml-layout":"","ast-disable-related-posts":"","theme-transparent-header-meta":"","adv-header-id-meta":"","stick-header-meta":"","header-above-stick-meta":"","header-main-stick-meta":"","header-below-stick-meta":"","astra-migrate-meta-layouts":"default","ast-page-background-enabled":"default","ast-page-background-meta":{"desktop":{"background-color":"","background-image":"","background-repeat":"repeat","background-position":"center center","background-size":"auto","background-attachment":"scroll","background-type":"","background-media":"","overlay-type":"","overlay-color":"","overlay-opacity":"","overlay-gradient":""},"tablet":{"background-color":"","background-image":"","background-repeat":"repeat","background-position":"center center","background-size":"auto","background-attachment":"scroll","background-type":"","background-media":"","overlay-type":"","overlay-color":"","overlay-opacity":"","overlay-gradient":""},"mobile":{"background-color":"","background-image":"","background-repeat":"repeat","background-position":"center center","background-size":"auto","background-attachment":"scroll","background-type":"","background-media":"","overlay-type":"","overlay-color":"","overlay-opacity":"","overlay-gradient":""}},"ast-content-background-meta":{"desktop":{"background-color":"var(--ast-global-color-5)","background-image":"","background-repeat":"repeat","background-position":"center center","background-size":"auto","background-attachment":"scroll","background-type":"","background-media":"","overlay-type":"","overlay-color":"","overlay-opacity":"","overlay-gradient":""},"tablet":{"background-color":"var(--ast-global-color-5)","background-image":"","background-repeat":"repeat","background-position":"center center","background-size":"auto","background-attachment":"scroll","background-type":"","background-media":"","overlay-type":"","overlay-color":"","overlay-opacity":"","overlay-gradient":""},"mobile":{"background-color":"var(--ast-global-color-5)","background-image":"","background-repeat":"repeat","background-position":"center center","background-size":"auto","background-attachment":"scroll","background-type":"","background-media":"","overlay-type":"","overlay-color":"","overlay-opacity":"","overlay-gradient":""}},"footnotes":""},"class_list":["post-1009","page","type-page","status-publish","hentry"],"_links":{"self":[{"href":"https:\/\/www.gastrotex.com.ar\/web\/wp-json\/wp\/v2\/pages\/1009","targetHints":{"allow":["GET"]}}],"collection":[{"href":"https:\/\/www.gastrotex.com.ar\/web\/wp-json\/wp\/v2\/pages"}],"about":[{"href":"https:\/\/www.gastrotex.com.ar\/web\/wp-json\/wp\/v2\/types\/page"}],"author":[{"embeddable":true,"href":"https:\/\/www.gastrotex.com.ar\/web\/wp-json\/wp\/v2\/users\/1"}],"replies":[{"embeddable":true,"href":"https:\/\/www.gastrotex.com.ar\/web\/wp-json\/wp\/v2\/comments?post=1009"}],"version-history":[{"count":3,"href":"https:\/\/www.gastrotex.com.ar\/web\/wp-json\/wp\/v2\/pages\/1009\/revisions"}],"predecessor-version":[{"id":2134,"href":"https:\/\/www.gastrotex.com.ar\/web\/wp-json\/wp\/v2\/pages\/1009\/revisions\/2134"}],"wp:attachment":[{"href":"https:\/\/www.gastrotex.com.ar\/web\/wp-json\/wp\/v2\/media?parent=1009"}],"curies":[{"name":"wp","href":"https:\/\/api.w.org\/{rel}","templated":true}]}}